er when i is divided by 33?
32
Let p be 48/(-32) + ((-63)/2)/(-1). Let m = 48 - p. Suppose -36 = 4*r - 312. What is the remainder when r is divided by m?
15
Let r be -1 + 0 + (-7 - -8). Suppose 0 = -5*g - 3*s - s + 969, r = -5*g + 3*s + 962. Calculate the remainder when g is divided by 28.
25
Let b = 171 - 138. Let g = b + -1. What is the remainder when g is divided by 9?
5
Let b(y) = 2*y**2 + 2 + 2*y**2 + y**2 + y**3. Calculate the remainder when b(-5) is divided by (4/(-36))/(63/(-567)).
0
What is the remainder when -1 + 564 - ((-3498)/(-429) + (-2)/13) is divided by 139?
138
Let p = 136 + -256. Let s = 201 + p. What is the remainder when s is divided by 21?
18
Let m = -351 + 412. Let j(w) = 31*w**3 - w**2 - 1. Calculate the remainder when j(2) is divided by m.
60
Let v(m) = 2*m**2 - m - 131. Let l(y) = -7*y**2 + 3*y + 522. Let z(a) = 2*l(a) + 9*v(a). Calculate the remainder when z(-7) is divided by 12.
10
Suppose 168 = 55*i - 47*i. What is the remainder when 251 is divided by i?
20
Calculate the remainder when (7 + (17 - 23))/(-1 - (-1866)/1864) is divided by 22.
8
Let t(v) be the first derivative of 99*v**2/2 - 43*v + 107. Calculate the remainder when t(2) is divided by 23.
17
Let w = -295 + 313. What is the remainder when 44 is divided by 250/18 - (5 - 92/w)?
2
Let c(u) be the second derivative of -u**4/3 - u**3/3 - u**2 + 9*u. Let f(n) = 1. Let j(g) = -c(g) - 3*f(g). What is the remainder when 29 is divided by j(2)?
10
Let m(k) = k**3 + 9*k**2 + 6*k - 3. Suppose -20*h - 322 = 3*h. Let s(j) = -j**2 - 20*j - 23. What is the remainder when s(h) is divided by m(-8)?
9
Let w(q) = q - 2. Calculate the remainder when 3/2*(204/22 + (-234)/(-3861)) is divided by w(4).
0
Suppose 0 = -7*v + 18*v + 12*v. Suppose v = -14*y + 18*y - 36. What is the remainder when 331 is divided by y?
7
Let v = 3470 + -3178. Calculate the remainder when v is divided by 127.
38
What is the remainder when (-442)/(-7735) - 7696/(-70) is divided by 50?
10
Let s = -253 - -257. Calculate the remainder when 1202/s - 60/(-120) is divided by 77.
70
Let p = 3247 - 3104. What is the remainder when 854 is divided by p?
139
Suppose 3*l + 380*i = 383*i + 270, 2*l - 3*i - 183 = 0. Calculate the remainder when 5131 is divided by l.
85
Suppose -268 = -5*y + 3*n, 5*y - 2*n = 3*n + 260. Let f(l) = l + y + 4*l + 2*l - 14*l. Calculate the remainder when 53 is divided by f(6).
11
Let q(k) be the second derivative of -10*k**3/3 + 8*k**2 + 23*k. Let d be q(-2). Let c = 138 - d. What is the remainder when c is divided by 14?
12
Suppose -22*m + 6 = -104. Suppose -2*q + m*o = -2, -4*q - 2*o = -12 - 16. Calculate the remainder when q is divided by 1.
0
Let p = -221 + 223. Suppose 4*l - 166 = p*v - 4*v, -l + 5*v + 25 = 0. Calculate the remainder when l is divided by 14.
12
Let f = 39661 - 39624. Let m = 16 - 11. What is the remainder when f is divided by m?
2
Let n(w) = -w + 2 + 8 - 4 + 4. Let u be n(3). Let q = 45 + u. Calculate the remainder when q is divided by 15.
7
Let a be 3/(3/2) + -72. Suppose 10*o - 408 = 5*d + 8*o, -3*o - 3 = 0. Let m = a - d. What is the remainder when 43 is divided by m?
7
Let f = 16 - 20. Let r(h) = -246*h + 15 + 107*h + 121*h. What is the remainder when r(f) is divided by 15?
12
Let f = -10513 + 11099. Calculate the remainder when f is divided by 277.
32
Suppose -26*c + 19*c = -4*a + 239, 4*a - 3*c = 219. Calculate the remainder when 1450 is divided by a.
22
Let d = 2 - 3. Calculate the remainder when 10/(((-28)/10)/(-14)) is divided by ((-6)/3 - d) + 19.
14
Suppose -106*u + 53*u + 1219 = 0. Calculate the remainder when 25 is divided by u.
2
Let f(t) be the second derivative of -t**4/12 - 11*t**3/6 + 53*t**2/2 + 73*t. What is the remainder when 120 is divided by f(-12)?
38
Suppose 0 = 2*l + 2*b - 122, -3*l + 179 = -5*b + 4*b. Calculate the remainder when l is divided by 19.
3
Let g be -6*(-72)/(-108)*3/(-4). Suppose j - 6*j = -2*a + 23, 25 = -4*j - 5*a. What is the remainder when (3 + j + g)/((-1)/(-227)) is divided by 57?
56
Let z be (-25)/(-5) + (-2 - (-76 + -3)). Suppose 4*m - 1 = -3*g + 110, -3*m - 2*g + z = 0. Calculate the remainder when m is divided by 10.
4
Let l be (-13)/(39/(-84)) - (-3)/(-1). Suppose -l = -22*w + 327. Calculate the remainder when 29 is divided by w.
13
Let l(v) = 5*v**2 + v + 37. Calculate the remainder when l(5) is divided by 13.
11
Suppose -4*s + 523 - 304 = -s. What is the remainder when 298 is divided by s?
6
Let k be 94/12 - (5 + 31/(-6)). Suppose 0 = -11*g + 12*g - k. Calculate the remainder when 39 is divided by g.
7
Let h = -2358 + 2416. Calculate the remainder when 99 is divided by h.
41
Suppose 786 = 12*n + 246. Calculate the remainder when 4589 is divided by n.
44
Suppose 56 = 3*r - 34. Suppose 20*n + 116 = 2476. What is the remainder when n is divided by r?
28
Let u(w) = -w + 2. Let h be u(19). Let x = h + 34. Let n(d) = 3*d**3 - d**2 + 4*d - 3. Calculate the remainder when n(2) is divided by x.
8
What is the remainder when (0 + 12/14)/(54/34524) is divided by 155?
83
Suppose -3*j - 2 - 10 = 0, 2*j + 107 = 3*i. Let f = 137 - 43. Suppose 3*w = 487 - f. What is the remainder when w is divided by i?
32
Suppose 5*o = -4*x + 109, -3*x + 19 = -4*o + 131. Suppose -47 - o = -n. Let i(m) = -294*m - 3219. What is the remainder when n is divided by i(-11)?
12
Suppose 474*a + 2050 = 556*a. Calculate the remainder when 29 is divided by a.
4
Suppose -15*x - 2*c - 222 = -17*x, 4*c = 5*x - 555. Calculate the remainder when x is divided by (-6)/(-30)*-2 - (-574)/10.
54
Let m = 6 - 4. Suppose -4*g + 108 = 4*s, 12 = -m*s - s. Let f = -2530 + 2547. Calculate the remainder when g is divided by f.
14
Let i(r) = r**2 - 9*r + 762. Let w be i(0). Suppose -33*k + 2016 - w = 0. What is the remainder when 63 is divided by k?
25
What is the remainder when 722 is divided by (13160/168)/((-2)/(-6))?
17
Calculate the remainder when 254 is divided by 12/2*5/(-2)*(-23 + 22).
14
Let g(d) = -137*d**3 - d**2 - d. Let a(p) = 2*p + 11. Let u be a(-4). Calculate the remainder when g(-1) is divided by (23 + 0)/(5/(u + 2)).
22
Suppose -7*p - 816 + 4036 = 0. Suppose 6*f - p = -4*f. Suppose -f = -9*b + 476. What is the remainder when b is divided by 10?
8
Suppose -2*j + 110 = -7*j. Let s be 12/(-9) - j/3. Suppose 0 = -l - l + s, 3*m = -4*l + 225. Calculate the remainder when m is divided by 36.
35
Let f(t) = 233*t**2 + 419*t + 420. Calculate the remainder when 4440 is divided by f(-1).
228
Calculate the remainder when 228 is divided by (((-258)/72)/((-3)/(-9)))/((-33)/396).
99
Let q = 242 + 766. Suppose 38*t = 46*t - q. What is the remainder when t is divided by 4?
2
Let f(y) = 21*y - 45. Let k(m) = -10*m + 23. Let l(j) = 2*f(j) + 5*k(j). Let b be l(13). Let x = b - -97. Calculate the remainder when 35 is divided by x.
17
Calculate the remainder when (17 - 1274/(-39))*(25 - -2) is divided by 12.
9
Suppose -70 = -2*p - h, -5*p - 28*h = -24*h - 178. Let x be (-12)/8*(1 - 3). Let g(c) = 8*c**2 - 4*c + 4. Calculate the remainder when g(x) is divided by p.
30
Suppose 5*c = 15, 15*c = 2*b + 12*c - 113. What is the remainder when 803 is divided by b?
10
Suppose -492 = -18*x + 6*x. Let j = 42 - x. Suppose -4*d = 3*l - 9, 3*l - 5*d - 21 - 15 = 0. What is the remainder when l is divided by j?
0
Suppose 0 = 845*l - 28222 - 24168. Let n = -529 + 774. What is the remainder when n is divided by l?
59
Let y(r) = -r**3 + 34*r**2 - 31*r + 224. What is the remainder when y(32) is divided by 67?
7
Suppose 0 = 3*h - 4 + 31. What is the remainder when (-12)/h - (-2668)/69 is divided by 27?
13
Let a = 226 - 184. What is the remainder when 23/(a/18 + -2) is divided by 15?
9
Suppose 43*s - 44*s + 13 = -2*v, 3*s + 4*v = 49. What is the remainder when 38 is divided by (s - 17) + (-2 - -25)?
17
Suppose 41*i - 34*i - 35 = 0. Suppose -2*w + 17 = -i*j, 4*w - 20 = 2*w + 2*j. What is the remainder when 32 is divided by w?
10
Suppose -3*m + a + 22 + 149 = 0, 230 = 4*m - 2*a. Suppose p = q + 4*q + 21, 2 = 2*q. What is the remainder when m is divided by p?
4
Suppose 6*p - 2*p + 5*a = 37, 0 = 3*a - 3. Suppose c - 2*c = -p. Calculate the remainder when c is divided by 30 - 155/558*90.
3
Suppose 3*k + 179 = 2*t - 234, 4*t = 2*k + 814. What is the remainder when 824 is divided by t?
16
Suppose 0 = -3*j +